{"id":41,"date":"2024-12-20T18:51:58","date_gmt":"2024-12-20T17:51:58","guid":{"rendered":"https:\/\/blaminhor.com\/p\/m\/learning-to-burp\/reussir-a-roter-comment-apprendre-a-roter-quand-on-ny-arrive-pas-espanol\/"},"modified":"2025-08-23T21:37:02","modified_gmt":"2025-08-23T19:37:02","slug":"aprender-a-eructar-como-aprender-a-eructar-cuando-no-puedes-hacerlo","status":"publish","type":"page","link":"https:\/\/blaminhor.com\/p\/m\/learning-to-burp\/es\/aprender-a-eructar-como-aprender-a-eructar-cuando-no-puedes-hacerlo\/","title":{"rendered":"Aprender a eructar: \u00bfc\u00f3mo aprender a eructar cuando no puedes hacerlo?"},"content":{"rendered":"\n<h2 class=\"wp-block-heading\">\u00bfA qui\u00e9n va dirigida esta p\u00e1gina?<\/h2>\n\n\n\n<p>Tom\u00e9 la iniciativa de crear esta p\u00e1gina para <strong>ayudar a las personas<\/strong> que, como yo hasta los treinta a\u00f1os, <strong>nunca han tenido la capacidad natural de eructar<\/strong>. Y despu\u00e9s de investigar en algunos foros en varios idiomas, me di cuenta de que <strong>no somos los \u00fanicos afectados, y esto sucede en todo el mundo<\/strong>.<\/p>\n\n\n\n<h2 class=\"wp-block-heading\">Las consecuencias de no saber eructar<\/h2>\n\n\n\n<p>No faltan testimonios de personas que se quejan de varios trastornos debido a su incapacidad para dejar salir el aire que sube naturalmente, por ejemplo, despu\u00e9s de comer o beber. Algunos de estos trastornos son los siguientes:<\/p>\n\n\n\n<ul class=\"wp-block-list\">\n<li>Sensaci\u00f3n de incomodidad en el es\u00f3fago cuando el aire sube<\/li>\n\n\n\n<li>Presi\u00f3n, dolores abdominales, a veces muy fuertes<\/li>\n\n\n\n<li>Aumento de la cantidad de gases intestinales<\/li>\n\n\n\n<li>Ruidos intestinales molestos<\/li>\n\n\n\n<li>N\u00e1useas importantes<\/li>\n<\/ul>\n\n\n\n<p>En algunas personas, estos trastornos pueden llevarlas a situaciones inc\u00f3modas que afectan directamente su vida social, como evitar beber bebidas gaseosas en p\u00fablico o incluso evitar salir.<\/p>\n\n\n\n<h2 class=\"wp-block-heading\">\u00bfPor qu\u00e9 no sabemos eructar cuando otros lo hacen sin pensarlo?<\/h2>\n\n\n\n<p><strong>Todos supimos eructar cuando \u00e9ramos beb\u00e9s.<\/strong> Sin embargo, mis recuerdos m\u00e1s lejanos relacionados con esta incapacidad de eructar se remontan a la escuela primaria, donde recuerdo intentar imitar un eructo que otro estudiante pod\u00eda hacer casi a voluntad, mientras que, por mi parte, ese mecanismo era imposible. Desde entonces, supe que ten\u00eda esta incapacidad, y me acompa\u00f1\u00f3 hasta los 30 a\u00f1os.<\/p>\n\n\n\n<p>Entonces, \u00bfpor qu\u00e9 perdimos este sentido? Para empezar, no creo que sea gen\u00e9tico, ya que las personas que lo sufren suelen ser las \u00fanicas en su familia con este problema. Una de las teor\u00edas que he le\u00eddo es que una <strong>fobia al v\u00f3mito ocurrida a una edad temprana<\/strong> podr\u00eda haber tenido un impacto f\u00edsico y\/o psicol\u00f3gico en el mecanismo de apertura del es\u00f3fago. No encontr\u00e9 ninguna otra teor\u00eda, excepto una incapacidad puramente f\u00edsica desarrollada durante el crecimiento, pero yo no formo parte de ese grupo, ya que logr\u00e9 reeducarme al respecto.<\/p>\n\n\n\n<p><strong>Viv\u00ed esta reeducaci\u00f3n como un deseo consciente de recuperar el control sobre un sentido que hab\u00eda perdido<\/strong>, como las personas que quedan paralizadas de un miembro despu\u00e9s de un accidente y, gracias a la rehabilitaci\u00f3n, recrean las conexiones sin\u00e1pticas que les permiten volver a controlarlo. <strong>Para m\u00ed, se trata de un sentido que nuestro cerebro ha eliminado, conexiones neuronales que ya no existen porque se consideran in\u00fatiles.<\/strong><\/p>\n\n\n\n<h2 class=\"wp-block-heading\">La soluci\u00f3n m\u00e9dica (que no he probado)<\/h2>\n\n\n\n<p>Porque s\u00ed, existe una soluci\u00f3n. En medicina, esta incapacidad para eructar se llama <strong>dysfunci\u00f3n cricofar\u00edngea retrograda<\/strong>, o <strong>R-CPD<\/strong>. Para recuperar esta capacidad m\u00e9dicamente, el objetivo es relajar el m\u00fasculo superior del es\u00f3fago (llamado m\u00fasculo cricofar\u00edngeo) que es responsable de la salida voluntaria del aire del es\u00f3fago, mediante inyecciones de botox. Varias personas han podido recuperar la capacidad de eructar despu\u00e9s de este procedimiento.<\/p>\n\n\n\n<p>Personalmente, primero trat\u00e9 de verificar si pod\u00eda reeducarme sin necesidad de esta inyecci\u00f3n. Para mi sorpresa, no fue tan dif\u00edcil una vez que ten\u00eda el comienzo del m\u00e9todo&#8230;<\/p>\n\n\n\n<h2 class=\"wp-block-heading\">C\u00f3mo me reeduqu\u00e9 para aprender (\u00a1finalmente!) a eructar<\/h2>\n\n\n\n<p>Espero que este compartir a continuaci\u00f3n les permita liberarse de esta discapacidad. <strong>\u00a1No duden en compartir su experiencia en los comentarios, y tambi\u00e9n compartir su propia experiencia que les haya funcionado! Esto solo enriquecer\u00e1 esta p\u00e1gina para el bien de todos<\/strong> \ud83d\ude4f<\/p>\n\n\n\n<h3 class=\"wp-block-heading\"><strong>Facilitar la expulsi\u00f3n del aire<\/strong><\/h3>\n\n\n\n<p>Mi reeducaci\u00f3n comenz\u00f3 cuando me di cuenta de que mi garganta pod\u00eda expulsar aire sin que yo lo controlara, y cuando mi cuerpo estaba en posiciones de contorsi\u00f3n inesperadas.<\/p>\n\n\n\n<p>Por ejemplo, me di cuenta de que el aire sal\u00eda por s\u00ed mismo, sin que yo lo deseara, cuando estaba en una <strong>posici\u00f3n encorvada<\/strong>, como esta.<\/p>\n\n\n\n<figure class=\"wp-block-image aligncenter size-full is-style-default\"><img loading=\"lazy\" decoding=\"async\" width=\"612\" height=\"408\" src=\"https:\/\/blaminhor.com\/p\/m\/learning-to-burp\/wp-content\/uploads\/sites\/2\/2024\/12\/gettyimages-1345713536-612x612-1.jpg\" alt=\"\" class=\"wp-image-36\" srcset=\"https:\/\/blaminhor.com\/p\/m\/learning-to-burp\/wp-content\/uploads\/sites\/2\/2024\/12\/gettyimages-1345713536-612x612-1.jpg 612w, https:\/\/blaminhor.com\/p\/m\/learning-to-burp\/wp-content\/uploads\/sites\/2\/2024\/12\/gettyimages-1345713536-612x612-1-300x200.jpg 300w\" sizes=\"auto, (max-width: 612px) 100vw, 612px\" \/><\/figure>\n\n\n\n<figure class=\"wp-block-image aligncenter size-full is-resized is-style-default\"><img loading=\"lazy\" decoding=\"async\" width=\"612\" height=\"408\" src=\"https:\/\/blaminhor.com\/p\/m\/learning-to-burp\/wp-content\/uploads\/sites\/2\/2024\/12\/crouching.jpg\" alt=\"\" class=\"wp-image-35\" style=\"width:293px;height:194px\" srcset=\"https:\/\/blaminhor.com\/p\/m\/learning-to-burp\/wp-content\/uploads\/sites\/2\/2024\/12\/crouching.jpg 612w, https:\/\/blaminhor.com\/p\/m\/learning-to-burp\/wp-content\/uploads\/sites\/2\/2024\/12\/crouching-300x200.jpg 300w\" sizes=\"auto, (max-width: 612px) 100vw, 612px\" \/><\/figure>\n\n\n\n<p>Creo que es una posici\u00f3n que enrolla el tubo digestivo, ejerciendo presi\u00f3n sobre el est\u00f3mago y abriendo la garganta, facilitando as\u00ed la expulsi\u00f3n. Pero me resultaba dif\u00edcil usar este hallazgo para avanzar.<\/p>\n\n\n\n<p>Cuando el aire sube, not\u00e9 que <strong>mantener el cuerpo perfectamente recto<\/strong>, como un cantante de \u00f3pera, era favorable para la expulsi\u00f3n del eructo. Mientras el aire sube, inclinar la cabeza hacia arriba parece facilitar su ascenso, pero <strong>meter el ment\u00f3n lo m\u00e1ximo posible contra el pecho<\/strong> facilita su salida, como si las v\u00edas estuvieran despejadas gracias a ello. Atenci\u00f3n: <strong> <\/strong>siempre hay que mantener la columna recta al bajar el ment\u00f3n, de lo contrario la postura ser\u00e1 contraproducente.<\/p>\n\n\n\n<figure class=\"wp-block-image aligncenter size-full is-style-default\"><img loading=\"lazy\" decoding=\"async\" width=\"252\" height=\"288\" src=\"https:\/\/blaminhor.com\/p\/m\/learning-to-burp\/wp-content\/uploads\/sites\/2\/2024\/12\/img_5078.jpg\" alt=\"How to Learn to Burp When You Can't\" class=\"wp-image-37\"\/><\/figure>\n\n\n\n<p>Me di cuenta de que mantener la espalda recta mejora la verticalidad del es\u00f3fago y facilita as\u00ed el ascenso del aire. Mantener el ment\u00f3n metido cuando el aire est\u00e1 arriba permite facilitar la apertura del es\u00f3fago.<\/p>\n\n\n\n<p>Tambi\u00e9n not\u00e9 que <strong>contraer el est\u00f3mago<\/strong> (o m\u00e1s bien, los m\u00fasculos que lo rodean, como si tratara de vaciarlo), tambi\u00e9n ayudaba a <strong>favorecer la subida del eructo<\/strong>.<\/p>\n\n\n\n<h3 class=\"wp-block-heading\"><strong>Buscar la mec\u00e1nica del eructo<\/strong><\/h3>\n\n\n\n<p>Una vez encontrada la posici\u00f3n, y repetida cada vez que el aire sub\u00eda (a veces pod\u00eda anticiparlo, a veces no), comenc\u00e9 a <strong>reproducir la mec\u00e1nica del eructo empujando desde mi garganta<\/strong> como si intentara hacer salir algo atascado al contraer mis cuerdas vocales, lo cual ciertamente no es posible, pero era solo para ilustrar la mec\u00e1nica.<\/p>\n\n\n\n<p>Como esta mec\u00e1nica a\u00fan no est\u00e1 registrada por nuestras neuronas, necesitamos buscarla y encontrarla varias veces para que nuestro cerebro la asimile como un nuevo sentido a explotar y cree las conexiones neuronales. Esta b\u00fasqueda es esencial. Al principio, por supuesto, no ocurre nada, y la tasa de \u00e9xito es del 0%. Luego pasa al 1% sin que realmente sepamos qu\u00e9 ha sucedido. Luego al 2%&#8230;<\/p>\n\n\n\n<h3 class=\"wp-block-heading\"><strong>Repetir, una y otra vez<\/strong><\/h3>\n\n\n\n<p>Reintent\u00e9 una y otra vez, hasta darme cuenta de que <strong>con cada intento, una peque\u00f1a cantidad de aire lograba ser expulsada.<\/strong><\/p>\n\n\n\n<p><strong>De d\u00eda en d\u00eda, esta cantidad de aire aument\u00f3.<\/strong> Aproximadamente en un mes, sent\u00ed que la mec\u00e1nica de \u00ab\u00a0saber eructar\u00a0\u00bb comenzaba a surgir: <strong>el eructo se volv\u00eda m\u00e1s autom\u00e1tico, m\u00e1s f\u00e1cil<\/strong>, como si mi cerebro comenzara a grabar todos los matices de este gesto que le era cada vez menos desconocido. Sent\u00ed que cada peque\u00f1a cantidad de aire expulsada era un ladrillo m\u00e1s sobre el cual apoyarme para la pr\u00f3xima vez. Cualquier sentido se desarrolla con la pr\u00e1ctica, con el tiempo.<\/p>\n\n\n\n<h2 class=\"wp-block-heading\">Lo esencial de lo que me permiti\u00f3 eructar<\/h2>\n\n\n\n<ol class=\"wp-block-list\">\n<li>Cuando el aire sube, favorecer su ascenso manteni\u00e9ndose recto<\/li>\n\n\n\n<li>Cuando el aire est\u00e1 arriba y trata de salir, bajar el ment\u00f3n lo m\u00e1ximo posible contra el pecho manteniendo la parte superior de la columna recta, relajar el es\u00f3fago y, si es necesario, contraer el abdomen al tensar el diafragma<\/li>\n\n\n\n<li>Repetir una y otra vez para entender qu\u00e9 funciona<\/li>\n<\/ol>\n\n\n\n<h2 class=\"wp-block-heading\">Los resultados de la reeducaci\u00f3n<\/h2>\n\n\n\n<p><strong>Creo que me tom\u00f3 alrededor de tres meses y medio para lograr expulsar una cantidad suficiente de aire de forma instintiva: ahora sab\u00eda eructar. \u00a1Pero eso era solo el comienzo!<\/strong><\/p>\n\n\n\n<p>Sigo trabajando en esta capacidad de eructar, sin pensar demasiado, porque siento que no todo se expulsa. Sin embargo, he notado diferencias claras en el d\u00eda a d\u00eda: a pesar de que a\u00fan no lo domino por completo, <strong>la cantidad de aire que solo sub\u00eda y bajaba ya no existe, \u00a1y mi est\u00f3mago casi no se ve afectado! En resumen, un gran alivio. \u00a1Esto me ha motivado a\u00fan m\u00e1s a compartir todo esto con ustedes!<\/strong> Y ahora que lo he logrado, me pregunto c\u00f3mo hac\u00eda antes&#8230;<\/p>\n\n\n\n<p><strong>No duden en compartir su experiencia comentando a continuaci\u00f3n. Ya sea que est\u00e9n en proceso de reeducarse o no, los comentarios est\u00e1n aqu\u00ed para que todos se apoyen y se aconsejen sobre el tema, con escucha y amabilidad<\/strong> <strong>!<\/strong><\/p>\n\n\n\n<p class=\"has-text-align-right\"><em>\u2013 Blaminhor<\/em><\/p>\n\n\n\t<div id=\"respond\" class=\"comment-respond wp-block-post-comments-form\">\n\t\t<h3 id=\"reply-title\" class=\"comment-reply-title\">Laisser un commentaire <small><a rel=\"nofollow\" id=\"cancel-comment-reply-link\" href=\"\/p\/m\/learning-to-burp\/wp-json\/wp\/v2\/pages\/41#respond\" style=\"display:none;\">Annuler la r\u00e9ponse<\/a><\/small><\/h3><form action=\"https:\/\/blaminhor.com\/p\/m\/learning-to-burp\/wp-comments-post.php\" method=\"post\" id=\"commentform\" class=\"comment-form\"><p class=\"comment-notes\"><span id=\"email-notes\">Votre adresse e-mail ne sera pas publi\u00e9e.<\/span> <span class=\"required-field-message\">Les champs obligatoires sont indiqu\u00e9s avec <span class=\"required\">*<\/span><\/span><\/p><p class=\"comment-form-comment\"><label for=\"comment\">Commentaire <span class=\"required\">*<\/span><\/label> <textarea id=\"comment\" name=\"comment\" cols=\"45\" rows=\"8\" maxlength=\"65525\" required><\/textarea><\/p><p class=\"comment-form-author\"><label for=\"author\">Nom <span class=\"required\">*<\/span><\/label> <input id=\"author\" name=\"author\" type=\"text\" value=\"\" size=\"30\" maxlength=\"245\" autocomplete=\"name\" required \/><\/p>\n<p class=\"comment-form-email\"><label for=\"email\">E-mail <span class=\"required\">*<\/span><\/label> <input id=\"email\" name=\"email\" type=\"email\" value=\"\" size=\"30\" maxlength=\"100\" aria-describedby=\"email-notes\" autocomplete=\"email\" required \/><\/p>\n<p class=\"comment-form-url\"><label for=\"url\">Site web<\/label> <input id=\"url\" name=\"url\" type=\"url\" value=\"\" size=\"30\" maxlength=\"200\" autocomplete=\"url\" \/><\/p>\n<p class=\"comment-form-cookies-consent\"><input id=\"wp-comment-cookies-consent\" name=\"wp-comment-cookies-consent\" type=\"checkbox\" value=\"yes\" \/> <label for=\"wp-comment-cookies-consent\">Enregistrer mon nom, mon e-mail et mon site dans le navigateur pour mon prochain commentaire.<\/label><\/p>\n<p class=\"form-submit wp-block-button\"><input name=\"submit\" type=\"submit\" id=\"submit\" class=\"wp-block-button__link wp-element-button\" value=\"Laisser un commentaire\" \/> <input type='hidden' name='comment_post_ID' value='41' id='comment_post_ID' \/>\n<input type='hidden' name='comment_parent' id='comment_parent' value='0' \/>\n<\/p><p style=\"display: none;\"><input type=\"hidden\" id=\"akismet_comment_nonce\" name=\"akismet_comment_nonce\" value=\"f888a86234\" \/><\/p><p style=\"display: none !important;\" class=\"akismet-fields-container\" data-prefix=\"ak_\"><label>&#916;<textarea name=\"ak_hp_textarea\" cols=\"45\" rows=\"8\" maxlength=\"100\"><\/textarea><\/label><input type=\"hidden\" id=\"ak_js_1\" name=\"ak_js\" value=\"167\"\/><script>document.getElementById( \"ak_js_1\" ).setAttribute( \"value\", ( new Date() ).getTime() );<\/script><\/p><\/form>\t<\/div><!-- #respond -->\n\t\n\n\n<div class=\"wp-block-comments\"><\/div>\n","protected":false},"excerpt":{"rendered":"<p>\u00bfA qui\u00e9n va dirigida esta p\u00e1gina? Tom\u00e9 la iniciativa de crear esta p\u00e1gina para ayudar a las personas que, como yo hasta los treinta a\u00f1os, nunca han tenido la capacidad natural de eructar. Y despu\u00e9s de investigar en algunos foros en varios idiomas, me di cuenta de que no somos los \u00fanicos afectados, y esto [&hellip;]<\/p>\n","protected":false},"author":1,"featured_media":0,"parent":0,"menu_order":0,"comment_status":"open","ping_status":"closed","template":"","meta":{"footnotes":""},"class_list":["post-41","page","type-page","status-publish","hentry"],"yoast_head":"<!-- This site is optimized with the Yoast SEO plugin v27.1.1 - https:\/\/yoast.com\/product\/yoast-seo-wordpress\/ -->\n<title>Aprender a eructar: \u00bfc\u00f3mo aprender a eructar cuando no puedes hacerlo? - Learning to Burp<\/title>\n<meta name=\"robots\" content=\"index, follow, max-snippet:-1, max-image-preview:large, max-video-preview:-1\" \/>\n<link rel=\"canonical\" href=\"https:\/\/blaminhor.com\/p\/m\/learning-to-burp\/es\/aprender-a-eructar-como-aprender-a-eructar-cuando-no-puedes-hacerlo\/\" \/>\n<meta property=\"og:locale\" content=\"fr_FR\" \/>\n<meta property=\"og:type\" content=\"article\" \/>\n<meta property=\"og:title\" content=\"Aprender a eructar: \u00bfc\u00f3mo aprender a eructar cuando no puedes hacerlo? - Learning to Burp\" \/>\n<meta property=\"og:description\" content=\"\u00bfA qui\u00e9n va dirigida esta p\u00e1gina? Tom\u00e9 la iniciativa de crear esta p\u00e1gina para ayudar a las personas que, como yo hasta los treinta a\u00f1os, nunca han tenido la capacidad natural de eructar. Y despu\u00e9s de investigar en algunos foros en varios idiomas, me di cuenta de que no somos los \u00fanicos afectados, y esto [&hellip;]\" \/>\n<meta property=\"og:url\" content=\"https:\/\/blaminhor.com\/p\/m\/learning-to-burp\/es\/aprender-a-eructar-como-aprender-a-eructar-cuando-no-puedes-hacerlo\/\" \/>\n<meta property=\"og:site_name\" content=\"Learning to Burp\" \/>\n<meta property=\"article:modified_time\" content=\"2025-08-23T19:37:02+00:00\" \/>\n<meta property=\"og:image\" content=\"https:\/\/blaminhor.com\/p\/m\/learning-to-burp\/wp-content\/uploads\/sites\/2\/2024\/12\/gettyimages-1345713536-612x612-1.jpg\" \/>\n\t<meta property=\"og:image:width\" content=\"612\" \/>\n\t<meta property=\"og:image:height\" content=\"408\" \/>\n\t<meta property=\"og:image:type\" content=\"image\/jpeg\" \/>\n<meta name=\"twitter:card\" content=\"summary_large_image\" \/>\n<meta name=\"twitter:label1\" content=\"Dur\u00e9e de lecture estim\u00e9e\" \/>\n\t<meta name=\"twitter:data1\" content=\"7 minutes\" \/>\n<script type=\"application\/ld+json\" class=\"yoast-schema-graph\">{\"@context\":\"https:\/\/schema.org\",\"@graph\":[{\"@type\":\"WebPage\",\"@id\":\"https:\/\/blaminhor.com\/p\/m\/learning-to-burp\/es\/aprender-a-eructar-como-aprender-a-eructar-cuando-no-puedes-hacerlo\/\",\"url\":\"https:\/\/blaminhor.com\/p\/m\/learning-to-burp\/es\/aprender-a-eructar-como-aprender-a-eructar-cuando-no-puedes-hacerlo\/\",\"name\":\"Aprender a eructar: \u00bfc\u00f3mo aprender a eructar cuando no puedes hacerlo? - Learning to Burp\",\"isPartOf\":{\"@id\":\"https:\/\/blaminhor.com\/p\/m\/learning-to-burp\/#website\"},\"primaryImageOfPage\":{\"@id\":\"https:\/\/blaminhor.com\/p\/m\/learning-to-burp\/es\/aprender-a-eructar-como-aprender-a-eructar-cuando-no-puedes-hacerlo\/#primaryimage\"},\"image\":{\"@id\":\"https:\/\/blaminhor.com\/p\/m\/learning-to-burp\/es\/aprender-a-eructar-como-aprender-a-eructar-cuando-no-puedes-hacerlo\/#primaryimage\"},\"thumbnailUrl\":\"https:\/\/blaminhor.com\/p\/m\/learning-to-burp\/wp-content\/uploads\/sites\/2\/2024\/12\/gettyimages-1345713536-612x612-1.jpg\",\"datePublished\":\"2024-12-20T17:51:58+00:00\",\"dateModified\":\"2025-08-23T19:37:02+00:00\",\"breadcrumb\":{\"@id\":\"https:\/\/blaminhor.com\/p\/m\/learning-to-burp\/es\/aprender-a-eructar-como-aprender-a-eructar-cuando-no-puedes-hacerlo\/#breadcrumb\"},\"inLanguage\":\"fr-FR\",\"potentialAction\":[{\"@type\":\"ReadAction\",\"target\":[\"https:\/\/blaminhor.com\/p\/m\/learning-to-burp\/es\/aprender-a-eructar-como-aprender-a-eructar-cuando-no-puedes-hacerlo\/\"]}]},{\"@type\":\"ImageObject\",\"inLanguage\":\"fr-FR\",\"@id\":\"https:\/\/blaminhor.com\/p\/m\/learning-to-burp\/es\/aprender-a-eructar-como-aprender-a-eructar-cuando-no-puedes-hacerlo\/#primaryimage\",\"url\":\"https:\/\/blaminhor.com\/p\/m\/learning-to-burp\/wp-content\/uploads\/sites\/2\/2024\/12\/gettyimages-1345713536-612x612-1.jpg\",\"contentUrl\":\"https:\/\/blaminhor.com\/p\/m\/learning-to-burp\/wp-content\/uploads\/sites\/2\/2024\/12\/gettyimages-1345713536-612x612-1.jpg\",\"width\":612,\"height\":408},{\"@type\":\"BreadcrumbList\",\"@id\":\"https:\/\/blaminhor.com\/p\/m\/learning-to-burp\/es\/aprender-a-eructar-como-aprender-a-eructar-cuando-no-puedes-hacerlo\/#breadcrumb\",\"itemListElement\":[{\"@type\":\"ListItem\",\"position\":1,\"name\":\"Accueil\",\"item\":\"https:\/\/blaminhor.com\/p\/m\/learning-to-burp\/\"},{\"@type\":\"ListItem\",\"position\":2,\"name\":\"Aprender a eructar: \u00bfc\u00f3mo aprender a eructar cuando no puedes hacerlo?\"}]},{\"@type\":\"WebSite\",\"@id\":\"https:\/\/blaminhor.com\/p\/m\/learning-to-burp\/#website\",\"url\":\"https:\/\/blaminhor.com\/p\/m\/learning-to-burp\/\",\"name\":\"Learning to Burp\",\"description\":\"\",\"potentialAction\":[{\"@type\":\"SearchAction\",\"target\":{\"@type\":\"EntryPoint\",\"urlTemplate\":\"https:\/\/blaminhor.com\/p\/m\/learning-to-burp\/?s={search_term_string}\"},\"query-input\":{\"@type\":\"PropertyValueSpecification\",\"valueRequired\":true,\"valueName\":\"search_term_string\"}}],\"inLanguage\":\"fr-FR\"}]}<\/script>\n<!-- \/ Yoast SEO plugin. -->","yoast_head_json":{"title":"Aprender a eructar: \u00bfc\u00f3mo aprender a eructar cuando no puedes hacerlo? - Learning to Burp","robots":{"index":"index","follow":"follow","max-snippet":"max-snippet:-1","max-image-preview":"max-image-preview:large","max-video-preview":"max-video-preview:-1"},"canonical":"https:\/\/blaminhor.com\/p\/m\/learning-to-burp\/es\/aprender-a-eructar-como-aprender-a-eructar-cuando-no-puedes-hacerlo\/","og_locale":"fr_FR","og_type":"article","og_title":"Aprender a eructar: \u00bfc\u00f3mo aprender a eructar cuando no puedes hacerlo? - Learning to Burp","og_description":"\u00bfA qui\u00e9n va dirigida esta p\u00e1gina? Tom\u00e9 la iniciativa de crear esta p\u00e1gina para ayudar a las personas que, como yo hasta los treinta a\u00f1os, nunca han tenido la capacidad natural de eructar. Y despu\u00e9s de investigar en algunos foros en varios idiomas, me di cuenta de que no somos los \u00fanicos afectados, y esto [&hellip;]","og_url":"https:\/\/blaminhor.com\/p\/m\/learning-to-burp\/es\/aprender-a-eructar-como-aprender-a-eructar-cuando-no-puedes-hacerlo\/","og_site_name":"Learning to Burp","article_modified_time":"2025-08-23T19:37:02+00:00","og_image":[{"width":612,"height":408,"url":"https:\/\/blaminhor.com\/p\/m\/learning-to-burp\/wp-content\/uploads\/sites\/2\/2024\/12\/gettyimages-1345713536-612x612-1.jpg","type":"image\/jpeg"}],"twitter_card":"summary_large_image","twitter_misc":{"Dur\u00e9e de lecture estim\u00e9e":"7 minutes"},"schema":{"@context":"https:\/\/schema.org","@graph":[{"@type":"WebPage","@id":"https:\/\/blaminhor.com\/p\/m\/learning-to-burp\/es\/aprender-a-eructar-como-aprender-a-eructar-cuando-no-puedes-hacerlo\/","url":"https:\/\/blaminhor.com\/p\/m\/learning-to-burp\/es\/aprender-a-eructar-como-aprender-a-eructar-cuando-no-puedes-hacerlo\/","name":"Aprender a eructar: \u00bfc\u00f3mo aprender a eructar cuando no puedes hacerlo? - Learning to Burp","isPartOf":{"@id":"https:\/\/blaminhor.com\/p\/m\/learning-to-burp\/#website"},"primaryImageOfPage":{"@id":"https:\/\/blaminhor.com\/p\/m\/learning-to-burp\/es\/aprender-a-eructar-como-aprender-a-eructar-cuando-no-puedes-hacerlo\/#primaryimage"},"image":{"@id":"https:\/\/blaminhor.com\/p\/m\/learning-to-burp\/es\/aprender-a-eructar-como-aprender-a-eructar-cuando-no-puedes-hacerlo\/#primaryimage"},"thumbnailUrl":"https:\/\/blaminhor.com\/p\/m\/learning-to-burp\/wp-content\/uploads\/sites\/2\/2024\/12\/gettyimages-1345713536-612x612-1.jpg","datePublished":"2024-12-20T17:51:58+00:00","dateModified":"2025-08-23T19:37:02+00:00","breadcrumb":{"@id":"https:\/\/blaminhor.com\/p\/m\/learning-to-burp\/es\/aprender-a-eructar-como-aprender-a-eructar-cuando-no-puedes-hacerlo\/#breadcrumb"},"inLanguage":"fr-FR","potentialAction":[{"@type":"ReadAction","target":["https:\/\/blaminhor.com\/p\/m\/learning-to-burp\/es\/aprender-a-eructar-como-aprender-a-eructar-cuando-no-puedes-hacerlo\/"]}]},{"@type":"ImageObject","inLanguage":"fr-FR","@id":"https:\/\/blaminhor.com\/p\/m\/learning-to-burp\/es\/aprender-a-eructar-como-aprender-a-eructar-cuando-no-puedes-hacerlo\/#primaryimage","url":"https:\/\/blaminhor.com\/p\/m\/learning-to-burp\/wp-content\/uploads\/sites\/2\/2024\/12\/gettyimages-1345713536-612x612-1.jpg","contentUrl":"https:\/\/blaminhor.com\/p\/m\/learning-to-burp\/wp-content\/uploads\/sites\/2\/2024\/12\/gettyimages-1345713536-612x612-1.jpg","width":612,"height":408},{"@type":"BreadcrumbList","@id":"https:\/\/blaminhor.com\/p\/m\/learning-to-burp\/es\/aprender-a-eructar-como-aprender-a-eructar-cuando-no-puedes-hacerlo\/#breadcrumb","itemListElement":[{"@type":"ListItem","position":1,"name":"Accueil","item":"https:\/\/blaminhor.com\/p\/m\/learning-to-burp\/"},{"@type":"ListItem","position":2,"name":"Aprender a eructar: \u00bfc\u00f3mo aprender a eructar cuando no puedes hacerlo?"}]},{"@type":"WebSite","@id":"https:\/\/blaminhor.com\/p\/m\/learning-to-burp\/#website","url":"https:\/\/blaminhor.com\/p\/m\/learning-to-burp\/","name":"Learning to Burp","description":"","potentialAction":[{"@type":"SearchAction","target":{"@type":"EntryPoint","urlTemplate":"https:\/\/blaminhor.com\/p\/m\/learning-to-burp\/?s={search_term_string}"},"query-input":{"@type":"PropertyValueSpecification","valueRequired":true,"valueName":"search_term_string"}}],"inLanguage":"fr-FR"}]}},"_links":{"self":[{"href":"https:\/\/blaminhor.com\/p\/m\/learning-to-burp\/wp-json\/wp\/v2\/pages\/41","targetHints":{"allow":["GET"]}}],"collection":[{"href":"https:\/\/blaminhor.com\/p\/m\/learning-to-burp\/wp-json\/wp\/v2\/pages"}],"about":[{"href":"https:\/\/blaminhor.com\/p\/m\/learning-to-burp\/wp-json\/wp\/v2\/types\/page"}],"author":[{"embeddable":true,"href":"https:\/\/blaminhor.com\/p\/m\/learning-to-burp\/wp-json\/wp\/v2\/users\/1"}],"replies":[{"embeddable":true,"href":"https:\/\/blaminhor.com\/p\/m\/learning-to-burp\/wp-json\/wp\/v2\/comments?post=41"}],"version-history":[{"count":3,"href":"https:\/\/blaminhor.com\/p\/m\/learning-to-burp\/wp-json\/wp\/v2\/pages\/41\/revisions"}],"predecessor-version":[{"id":54,"href":"https:\/\/blaminhor.com\/p\/m\/learning-to-burp\/wp-json\/wp\/v2\/pages\/41\/revisions\/54"}],"wp:attachment":[{"href":"https:\/\/blaminhor.com\/p\/m\/learning-to-burp\/wp-json\/wp\/v2\/media?parent=41"}],"curies":[{"name":"wp","href":"https:\/\/api.w.org\/{rel}","templated":true}]}}